{"id":10,"date":"2019-01-09T13:34:01","date_gmt":"2019-01-09T13:34:01","guid":{"rendered":"http:\/\/test3.reitschule.ch\/reitschule\/druckitest\/?page_id=10"},"modified":"2023-11-04T12:47:27","modified_gmt":"2023-11-04T12:47:27","slug":"kollektiv","status":"publish","type":"page","link":"https:\/\/reitschule.ch\/reitschule\/druckundfoto\/drucki\/?page_id=10","title":{"rendered":"Geschichte &#038; Kollektiv"},"content":{"rendered":"<p><strong>Selbstbestimmtes Arbeiten im autonomen Kulturzentrum<\/strong><br \/>\nBeinahe schon ein Traditionsbetrieb ist die Druckerei in der Reitschule. Um die zur\u00fcckeroberte Reithalle zu halten und die Vision einer solidarischen Gesellschaft in die weite Welt zu tragen, schleppten einige AktivistInnen im Fr\u00fchling 1988 eine erste Offset-Druckmaschinein die frisch besetzte Burg, damit die hauseigene Zeitung Megafon auch im eigenen Haus produziert werden konnte. Neben rund 500 Ausgaben des Megafons (Hauszeitschrift der Reitschule) wurden seither unz\u00e4hlige Flugbl\u00e4tter, Plakate, Flyer, Karten, Kleber, Zeitschriften und Brosch\u00fcren hergestellt.<\/p>\n<p>Mit den Jahren kamen neue Maschinen in die Druckerei und die R\u00e4ume wurden erweitert. 1999 richteten wir die Siebdruckerei ein, die sie sich \u2013 wie die Offsetdruckerei \u2013 langsam aber stetig weiterentwickelt. Zudem nehmen wir auch Gestaltungs-, Grafik- Korrektorat- und Lektoratsarbeiten entgegen. Mit der Gesamtsanierung der Reitschule wurde die Druckerei im Jahre 2002 vergr\u00f6ssert. Durch den Einbau der Heizungs- und der L\u00fcftungsanlage konnten die Arbeitsbedingungen erheblich verbessert werden.<\/p>\n<p>Personell gab es immer wieder Ver\u00e4nderungen und Wechsel \u2013 aber auch eine Kontinuit\u00e4t, wodurch die handwerklichen F\u00e4higkeiten und Kompetenzen weitergegeben werden konnte. Zur Zeit besteht unser Kollektiv aus acht Personen, welche die Druckerei in Schwung halten. Unser Kollektiv versteht sich als verl\u00e4ssliche\/r PartnerIn f\u00fcr eine vielf\u00e4ltige Kulturszene, f\u00fcr eine engagierte linke Politik sowie f\u00fcr soziale Einrichtungen und Projekte.<br \/>\nTrotz allen Ver\u00e4nderungen und Entwicklungen in den letzten Jahrzehnten ist der Grundgedanke der Druckerei Reitschule konstant geblieben: selbstbestimmtes und kollektives Arbeiten f\u00fcr eine farbigere, \u00e4sthetischere und solidarische Welt.<\/p>\n<p>IBAN: CH43 0900 0000 3041 3016 5<br \/>\nDruckerei Reitschule, Neubr\u00fcckstrasse 8, 3013 Bern<\/p>\n","protected":false},"excerpt":{"rendered":"<p>Selbstbestimmtes Arbeiten im autonomen Kulturzentrum Beinahe schon ein Traditionsbetrieb ist die Druckerei in der Reitschule. Um die zur\u00fcckeroberte Reithalle zu halten und die Vision einer solidarischen Gesellschaft in die weite Welt zu tragen, schleppten einige AktivistInnen im Fr\u00fchling 1988 eine erste Offset-Druckmaschinein die frisch besetzte Burg, damit die hauseigene Zeitung [&hellip;]<\/p>\n","protected":false},"author":1,"featured_media":0,"parent":0,"menu_order":2,"comment_status":"closed","ping_status":"closed","template":"","meta":{"_themeisle_gutenberg_block_has_review":false,"footnotes":""},"class_list":["post-10","page","type-page","status-publish","hentry"],"_links":{"self":[{"href":"https:\/\/reitschule.ch\/reitschule\/druckundfoto\/drucki\/index.php?rest_route=\/wp\/v2\/pages\/10","targetHints":{"allow":["GET"]}}],"collection":[{"href":"https:\/\/reitschule.ch\/reitschule\/druckundfoto\/drucki\/index.php?rest_route=\/wp\/v2\/pages"}],"about":[{"href":"https:\/\/reitschule.ch\/reitschule\/druckundfoto\/drucki\/index.php?rest_route=\/wp\/v2\/types\/page"}],"author":[{"embeddable":true,"href":"https:\/\/reitschule.ch\/reitschule\/druckundfoto\/drucki\/index.php?rest_route=\/wp\/v2\/users\/1"}],"replies":[{"embeddable":true,"href":"https:\/\/reitschule.ch\/reitschule\/druckundfoto\/drucki\/index.php?rest_route=%2Fwp%2Fv2%2Fcomments&post=10"}],"version-history":[{"count":7,"href":"https:\/\/reitschule.ch\/reitschule\/druckundfoto\/drucki\/index.php?rest_route=\/wp\/v2\/pages\/10\/revisions"}],"predecessor-version":[{"id":585,"href":"https:\/\/reitschule.ch\/reitschule\/druckundfoto\/drucki\/index.php?rest_route=\/wp\/v2\/pages\/10\/revisions\/585"}],"wp:attachment":[{"href":"https:\/\/reitschule.ch\/reitschule\/druckundfoto\/drucki\/index.php?rest_route=%2Fwp%2Fv2%2Fmedia&parent=10"}],"curies":[{"name":"wp","href":"https:\/\/api.w.org\/{rel}","templated":true}]}}

<p><strong>Selbstbestimmtes Arbeiten im autonomen Kulturzentrum</strong><br />
Beinahe schon ein Traditionsbetrieb ist die Druckerei in der Reitschule. Um die zurückeroberte Reithalle zu halten und die Vision einer solidarischen Gesellschaft in die weite Welt zu tragen, schleppten einige AktivistInnen im Frühling 1988 eine erste Offset-Druckmaschinein die frisch besetzte Burg, damit die hauseigene Zeitung Megafon auch im eigenen Haus produziert werden konnte. Neben rund 500 Ausgaben des Megafons (Hauszeitschrift der Reitschule) wurden seither unzählige Flugblätter, Plakate, Flyer, Karten, Kleber, Zeitschriften und Broschüren hergestellt.</p>
<p>Mit den Jahren kamen neue Maschinen in die Druckerei und die Räume wurden erweitert. 1999 richteten wir die Siebdruckerei ein, die sie sich – wie die Offsetdruckerei – langsam aber stetig weiterentwickelt. Zudem nehmen wir auch Gestaltungs-, Grafik- Korrektorat- und Lektoratsarbeiten entgegen. Mit der Gesamtsanierung der Reitschule wurde die Druckerei im Jahre 2002 vergrössert. Durch den Einbau der Heizungs- und der Lüftungsanlage konnten die Arbeitsbedingungen erheblich verbessert werden.</p>
<p>Personell gab es immer wieder Veränderungen und Wechsel – aber auch eine Kontinuität, wodurch die handwerklichen Fähigkeiten und Kompetenzen weitergegeben werden konnte. Zur Zeit besteht unser Kollektiv aus acht Personen, welche die Druckerei in Schwung halten. Unser Kollektiv versteht sich als verlässliche/r PartnerIn für eine vielfältige Kulturszene, für eine engagierte linke Politik sowie für soziale Einrichtungen und Projekte.<br />
Trotz allen Veränderungen und Entwicklungen in den letzten Jahrzehnten ist der Grundgedanke der Druckerei Reitschule konstant geblieben: selbstbestimmtes und kollektives Arbeiten für eine farbigere, ästhetischere und solidarische Welt.</p>
<p>IBAN: CH43 0900 0000 3041 3016 5<br />
Druckerei Reitschule, Neubrückstrasse 8, 3013 Bern</p>

<p>Selbstbestimmtes Arbeiten im autonomen Kulturzentrum Beinahe schon ein Traditionsbetrieb ist die Druckerei in der Reitschule. Um die zurückeroberte Reithalle zu halten und die Vision einer solidarischen Gesellschaft in die weite Welt zu tragen, schleppten einige AktivistInnen im Frühling 1988 eine erste Offset-Druckmaschinein die frisch besetzte Burg, damit die hauseigene Zeitung [&hellip;]</p>
