{"id":47,"date":"2019-01-16T10:17:32","date_gmt":"2019-01-16T10:17:32","guid":{"rendered":"http:\/\/test3.reitschule.ch\/reitschule\/druckitest\/?page_id=47"},"modified":"2019-02-27T15:41:29","modified_gmt":"2019-02-27T15:41:29","slug":"weiterverarbeitung","status":"publish","type":"page","link":"https:\/\/reitschule.ch\/reitschule\/druckundfoto\/drucki\/?page_id=47","title":{"rendered":"Korrektorat"},"content":{"rendered":"<p><strong>Korrektorat<br \/>\n<\/strong>\u00c4rgert dich der pl\u00f6tzlich entdeckte Druckfehler auf deinem frisch gedruckten Flyer oder in deiner Brosch\u00fcre? Gib dein Druckprodukt ins Korrektorat f\u00fcr den letzten Schliff vor dem Gut zum Druck.<br \/>\nWir bieten g\u00fcnstige Konditionen durch die Kooperation mit varianten.ch, einem professionellen Korrektorat und Lektorat.<\/p>\n","protected":false},"excerpt":{"rendered":"<p>Korrektorat \u00c4rgert dich der pl\u00f6tzlich entdeckte Druckfehler auf deinem frisch gedruckten Flyer oder in deiner Brosch\u00fcre? Gib dein Druckprodukt ins Korrektorat f\u00fcr den letzten Schliff vor dem Gut zum Druck. Wir bieten g\u00fcnstige Konditionen durch die Kooperation mit varianten.ch, einem professionellen Korrektorat und Lektorat.<\/p>\n","protected":false},"author":1,"featured_media":0,"parent":8,"menu_order":0,"comment_status":"closed","ping_status":"closed","template":"","meta":{"_themeisle_gutenberg_block_has_review":false,"footnotes":""},"class_list":["post-47","page","type-page","status-publish","hentry"],"_links":{"self":[{"href":"https:\/\/reitschule.ch\/reitschule\/druckundfoto\/drucki\/index.php?rest_route=\/wp\/v2\/pages\/47","targetHints":{"allow":["GET"]}}],"collection":[{"href":"https:\/\/reitschule.ch\/reitschule\/druckundfoto\/drucki\/index.php?rest_route=\/wp\/v2\/pages"}],"about":[{"href":"https:\/\/reitschule.ch\/reitschule\/druckundfoto\/drucki\/index.php?rest_route=\/wp\/v2\/types\/page"}],"author":[{"embeddable":true,"href":"https:\/\/reitschule.ch\/reitschule\/druckundfoto\/drucki\/index.php?rest_route=\/wp\/v2\/users\/1"}],"replies":[{"embeddable":true,"href":"https:\/\/reitschule.ch\/reitschule\/druckundfoto\/drucki\/index.php?rest_route=%2Fwp%2Fv2%2Fcomments&post=47"}],"version-history":[{"count":3,"href":"https:\/\/reitschule.ch\/reitschule\/druckundfoto\/drucki\/index.php?rest_route=\/wp\/v2\/pages\/47\/revisions"}],"predecessor-version":[{"id":159,"href":"https:\/\/reitschule.ch\/reitschule\/druckundfoto\/drucki\/index.php?rest_route=\/wp\/v2\/pages\/47\/revisions\/159"}],"up":[{"embeddable":true,"href":"https:\/\/reitschule.ch\/reitschule\/druckundfoto\/drucki\/index.php?rest_route=\/wp\/v2\/pages\/8"}],"wp:attachment":[{"href":"https:\/\/reitschule.ch\/reitschule\/druckundfoto\/drucki\/index.php?rest_route=%2Fwp%2Fv2%2Fmedia&parent=47"}],"curies":[{"name":"wp","href":"https:\/\/api.w.org\/{rel}","templated":true}]}}

<p><strong>Korrektorat<br />
</strong>Ärgert dich der plötzlich entdeckte Druckfehler auf deinem frisch gedruckten Flyer oder in deiner Broschüre? Gib dein Druckprodukt ins Korrektorat für den letzten Schliff vor dem Gut zum Druck.<br />
Wir bieten günstige Konditionen durch die Kooperation mit varianten.ch, einem professionellen Korrektorat und Lektorat.</p>

<p>Korrektorat Ärgert dich der plötzlich entdeckte Druckfehler auf deinem frisch gedruckten Flyer oder in deiner Broschüre? Gib dein Druckprodukt ins Korrektorat für den letzten Schliff vor dem Gut zum Druck. Wir bieten günstige Konditionen durch die Kooperation mit varianten.ch, einem professionellen Korrektorat und Lektorat.</p>
