{"id":847,"date":"2025-12-11T17:22:02","date_gmt":"2025-12-11T17:22:02","guid":{"rendered":"https:\/\/reitschule.ch\/reitschule\/druckundfoto\/drucki\/?page_id=847"},"modified":"2026-02-17T10:19:20","modified_gmt":"2026-02-17T10:19:20","slug":"preise","status":"publish","type":"page","link":"https:\/\/reitschule.ch\/reitschule\/druckundfoto\/drucki\/?page_id=847","title":{"rendered":"Preise"},"content":{"rendered":"\n<p><strong><mark style=\"background-color:rgba(0, 0, 0, 0)\" class=\"has-inline-color has-black-color\">Digitaldruck:<\/mark><\/strong><\/p>\n\n\n\n<figure class=\"wp-block-gallery has-nested-images columns-default is-cropped wp-block-gallery-1 is-layout-flex wp-block-gallery-is-layout-flex\">\n<figure class=\"wp-block-image size-large\"><img loading=\"lazy\" decoding=\"async\" width=\"568\" height=\"1024\" data-id=\"902\" src=\"https:\/\/reitschule.ch\/reitschule\/druckundfoto\/drucki\/wp-content\/uploads\/2026\/02\/preise-und-formate-3-568x1024.jpg\" alt=\"\" class=\"wp-image-902\" srcset=\"https:\/\/reitschule.ch\/reitschule\/druckundfoto\/drucki\/wp-content\/uploads\/2026\/02\/preise-und-formate-3-568x1024.jpg 568w, https:\/\/reitschule.ch\/reitschule\/druckundfoto\/drucki\/wp-content\/uploads\/2026\/02\/preise-und-formate-3-166x300.jpg 166w, https:\/\/reitschule.ch\/reitschule\/druckundfoto\/drucki\/wp-content\/uploads\/2026\/02\/preise-und-formate-3-768x1386.jpg 768w, https:\/\/reitschule.ch\/reitschule\/druckundfoto\/drucki\/wp-content\/uploads\/2026\/02\/preise-und-formate-3-851x1536.jpg 851w, https:\/\/reitschule.ch\/reitschule\/druckundfoto\/drucki\/wp-content\/uploads\/2026\/02\/preise-und-formate-3-1135x2048.jpg 1135w, https:\/\/reitschule.ch\/reitschule\/druckundfoto\/drucki\/wp-content\/uploads\/2026\/02\/preise-und-formate-3-scaled.jpg 1419w\" sizes=\"auto, (max-width: 568px) 100vw, 568px\" \/><\/figure>\n<\/figure>\n\n\n\n<p><strong><mark style=\"background-color:rgba(0, 0, 0, 0)\" class=\"has-inline-color has-black-color\">Offsettdruck<\/mark><\/strong><\/p>\n\n\n\n<p>In der folgenden Liste sind Preise f\u00fcr unseren g\u00e4ngigsten Offsettplakat-Auflagen angegeben. Sie beziehen sich auf einseitige A2-Plakate mit vierfarbigem CMYK-Druck oder zweifarbigem Druck mit Sonderfarben auf einem mattgestrichenen Standardpapier (135 g\/m<sup>2<\/sup>).<\/p>\n\n\n\n<p><mark style=\"background-color:rgba(0, 0, 0, 0)\" class=\"has-inline-color has-black-color\">200 A2-Plakate: &nbsp; Fr. 281.00<br>300 A2-Plakate:&nbsp;&nbsp; Fr. 307.00<br>500 A2-Plakate:&nbsp;&nbsp; Fr. 361.00<br>700 A2-Plakate:&nbsp;&nbsp; Fr. 415.00<br>1000 A2-Plakate: Fr. 478.00<\/mark><\/p>\n\n\n\n<ul class=\"wp-block-list\">\n<li><\/li>\n\n\n\n<li><\/li>\n<\/ul>\n\n\n\n<p><\/p>\n\n\n\n<p><\/p>\n\n\n\n<p><\/p>\n\n\n\n<p><\/p>\n\n\n\n<p><\/p>\n\n\n\n<p class=\"has-text-align-center\"><em>Bitte beachte, dass sich der Preis unter abweichenden Umst\u00e4nden ver\u00e4ndern kann.<br>Bei anderen Druckw\u00fcnschen kannst du uns gerne eine Offertenanfrage (<a href=\"https:\/\/reitschule.ch\/reitschule\/druckundfoto\/drucki\/?page_id=816\" data-type=\"page\" data-id=\"816\">siehe Offerte einholen<\/a>) per Mail schicken, oder anrufen.<\/em><\/p>\n\n\n\n<p><\/p>\n","protected":false},"excerpt":{"rendered":"<p>Digitaldruck: Offsettdruck In der folgenden Liste sind Preise f\u00fcr unseren g\u00e4ngigsten Offsettplakat-Auflagen angegeben. Sie beziehen sich auf einseitige A2-Plakate mit vierfarbigem CMYK-Druck oder zweifarbigem Druck mit Sonderfarben auf einem mattgestrichenen Standardpapier (135 g\/m2). 200 A2-Plakate: &nbsp; Fr. 281.00300 A2-Plakate:&nbsp;&nbsp; Fr. 307.00500 A2-Plakate:&nbsp;&nbsp; Fr. 361.00700 A2-Plakate:&nbsp;&nbsp; Fr. 415.001000 A2-Plakate: Fr. 478.00 [&hellip;]<\/p>\n","protected":false},"author":1,"featured_media":0,"parent":0,"menu_order":2,"comment_status":"closed","ping_status":"closed","template":"","meta":{"_themeisle_gutenberg_block_has_review":false,"footnotes":""},"class_list":["post-847","page","type-page","status-publish","hentry"],"_links":{"self":[{"href":"https:\/\/reitschule.ch\/reitschule\/druckundfoto\/drucki\/index.php?rest_route=\/wp\/v2\/pages\/847","targetHints":{"allow":["GET"]}}],"collection":[{"href":"https:\/\/reitschule.ch\/reitschule\/druckundfoto\/drucki\/index.php?rest_route=\/wp\/v2\/pages"}],"about":[{"href":"https:\/\/reitschule.ch\/reitschule\/druckundfoto\/drucki\/index.php?rest_route=\/wp\/v2\/types\/page"}],"author":[{"embeddable":true,"href":"https:\/\/reitschule.ch\/reitschule\/druckundfoto\/drucki\/index.php?rest_route=\/wp\/v2\/users\/1"}],"replies":[{"embeddable":true,"href":"https:\/\/reitschule.ch\/reitschule\/druckundfoto\/drucki\/index.php?rest_route=%2Fwp%2Fv2%2Fcomments&post=847"}],"version-history":[{"count":19,"href":"https:\/\/reitschule.ch\/reitschule\/druckundfoto\/drucki\/index.php?rest_route=\/wp\/v2\/pages\/847\/revisions"}],"predecessor-version":[{"id":920,"href":"https:\/\/reitschule.ch\/reitschule\/druckundfoto\/drucki\/index.php?rest_route=\/wp\/v2\/pages\/847\/revisions\/920"}],"wp:attachment":[{"href":"https:\/\/reitschule.ch\/reitschule\/druckundfoto\/drucki\/index.php?rest_route=%2Fwp%2Fv2%2Fmedia&parent=847"}],"curies":[{"name":"wp","href":"https:\/\/api.w.org\/{rel}","templated":true}]}}